{"id":13,"date":"2023-04-30T16:38:29","date_gmt":"2023-04-30T14:38:29","guid":{"rendered":"http:\/\/ecuriesdupommele.fr\/?page_id=13"},"modified":"2026-02-04T15:00:31","modified_gmt":"2026-02-04T14:00:31","slug":"a-propos-de","status":"publish","type":"page","link":"https:\/\/ecuriesdupommele.fr\/","title":{"rendered":"LES \u00c9CURIES DU POMMEL\u00c9"},"content":{"rendered":"\n<hr class=\"wp-block-separator alignfull has-alpha-channel-opacity is-style-default\"\/>\n\n\n\n<p class=\"has-text-align-center\"><em><strong>Centre \u00e9questre &#8211; Pension &#8211; Loisirs et Comp\u00e9titions<\/strong><\/em><\/p>\n\n\n\n<figure class=\"wp-block-image size-large\"><img loading=\"lazy\" decoding=\"async\" width=\"1024\" height=\"684\" src=\"https:\/\/ecuriesdupommele.fr\/wp-content\/uploads\/2023\/04\/346-1024x684.jpg\" alt=\"\" class=\"wp-image-30\" srcset=\"https:\/\/ecuriesdupommele.fr\/wp-content\/uploads\/2023\/04\/346-1024x684.jpg 1024w, https:\/\/ecuriesdupommele.fr\/wp-content\/uploads\/2023\/04\/346-300x200.jpg 300w, https:\/\/ecuriesdupommele.fr\/wp-content\/uploads\/2023\/04\/346-768x513.jpg 768w, https:\/\/ecuriesdupommele.fr\/wp-content\/uploads\/2023\/04\/346.jpg 1237w\" sizes=\"auto, (max-width: 1024px) 100vw, 1024px\" \/><\/figure>\n\n\n\n<p><em>Un havre de paix d\u00e9di\u00e9 aux chevaux et \u00e0 leurs cavaliers, au c\u0153ur de la campagne essonnienne<\/em>.<\/p>\n\n\n\n<p><em>D\u00e9couvrez les \u00e9curies :<\/em><\/p>\n\n\n\n<p><a href=\"https:\/\/ecuriesdupommele.fr\/index.php\/lequipe\/\" data-type=\"page\" data-id=\"106\">L\u2019\u00e9quipe<\/a><\/p>\n\n\n\n<p><a href=\"https:\/\/ecuriesdupommele.fr\/index.php\/pensions\/\" data-type=\"page\" data-id=\"132\">Pensions<\/a><\/p>\n\n\n\n<p><a href=\"https:\/\/ecuriesdupommele.fr\/index.php\/contact\/\" data-type=\"page\" data-id=\"14\">Contact<\/a><\/p>\n\n\n\n<p><a href=\"https:\/\/ecuriesdupommele.fr\/index.php\/lecurie\/\" data-type=\"page\" data-id=\"113\">L\u2019\u00e9curie<\/a><\/p>\n","protected":false},"excerpt":{"rendered":"<p>Centre \u00e9questre &#8211; Pension &#8211; Loisirs et Comp\u00e9titions Un havre de paix d\u00e9di\u00e9 aux chevaux et \u00e0 leurs cavaliers, au c\u0153ur de la campagne essonnienne. D\u00e9couvrez les \u00e9curies : L\u2019\u00e9quipe Pensions Contact L\u2019\u00e9curie<\/p>\n","protected":false},"author":2,"featured_media":0,"parent":0,"menu_order":0,"comment_status":"closed","ping_status":"closed","template":"","meta":{"footnotes":""},"class_list":["post-13","page","type-page","status-publish","hentry","entry"],"_links":{"self":[{"href":"https:\/\/ecuriesdupommele.fr\/index.php\/wp-json\/wp\/v2\/pages\/13","targetHints":{"allow":["GET"]}}],"collection":[{"href":"https:\/\/ecuriesdupommele.fr\/index.php\/wp-json\/wp\/v2\/pages"}],"about":[{"href":"https:\/\/ecuriesdupommele.fr\/index.php\/wp-json\/wp\/v2\/types\/page"}],"author":[{"embeddable":true,"href":"https:\/\/ecuriesdupommele.fr\/index.php\/wp-json\/wp\/v2\/users\/2"}],"replies":[{"embeddable":true,"href":"https:\/\/ecuriesdupommele.fr\/index.php\/wp-json\/wp\/v2\/comments?post=13"}],"version-history":[{"count":9,"href":"https:\/\/ecuriesdupommele.fr\/index.php\/wp-json\/wp\/v2\/pages\/13\/revisions"}],"predecessor-version":[{"id":137,"href":"https:\/\/ecuriesdupommele.fr\/index.php\/wp-json\/wp\/v2\/pages\/13\/revisions\/137"}],"wp:attachment":[{"href":"https:\/\/ecuriesdupommele.fr\/index.php\/wp-json\/wp\/v2\/media?parent=13"}],"curies":[{"name":"wp","href":"https:\/\/api.w.org\/{rel}","templated":true}]}}